 -2*d. Determine q(d).
8
Let x(h) = h**3 + h**2 - h. Let r(p) = -2*p**3 - p**2 + 2*p - 6. Let i(b) = -r(b) - x(b). Let j = -6 + 10. Let w be 0/((-2)/(-4)*j). What is i(w)?
6
Let d = 1 - -1. Let w = -6 + 8. Let k(n) = -5 + 0*n + 2 + 2*n**w + 2*n. Give k(d).
9
Let b(a) = 15*a**2 + a. Suppose -4 = 4*g - 0. Determine b(g).
14
Let k(v) = -2*v**2 + v - 5. Let c(h) = -h**2 - 1. Let z(l) = -3*c(l) + k(l). Determine z(0).
-2
Let p(u) be the third derivative of -u**6/60 + u**5/15 + u**4/8 + 21*u**2. Give p(-2).
26
Let h(m) = 2*m**2 + 3*m + 10. Let j(d) = -d + 1. Let p(l) = -h(l) + 4*j(l). What is p(-4)?
-10
Let l(o) = -o**3. Let g be l(-1). Let a(y) = -y**3 - 2*y**2 - 1. Let r be a(-3). Let m(c) = 1 + 1 - 1 - r*c**3. Determine m(g).
-7
Let w be -3 + 0 + 0/(-4). Let h = 1 - w. Let k(p) = -p**2 + 3*p - 3. What is k(h)?
-7
Let g(q) = q**2 - q. Let v be g(2). Let r(y) = 0*y**v - 1 + 21*y - y**2 - 22*y. Determine r(3).
-13
Let n(l) = 8*l - 5. Let o(t) = -2*t + 1. Let y(u) = 4*n(u) + 18*o(u). Determine y(-2).
6
Let s = -46 + 43. Let x(y) = -y**2 - y + 2. Calculate x(s).
-4
Let n(y) = -3 + 3 - 2 + 2*y. Let h = -18 + 24. Suppose h*f - f - 2 = -4*k, 2*f - 2*k = -10. Determine n(f).
-6
Let z(q) = q**2. Let w(v) = -3*v**2 + 11*v - 5. Let g(k) = w(k) + 4*z(k). Give g(-11).
-5
Let d(v) be the third derivative of -v**4/24 - 3*v**3/2 - 12*v**2. Give d(-6).
-3
Let i(t) = 7*t**3 + 9*t**2 + 10*t + 11. Let k(v) = 4*v**3 + 4*v**2 + 6*v + 6. Let j(g) = 3*i(g) - 5*k(g). Determine j(-7).
3
Let w(t) = -2*t**2 + 2*t - 1. Suppose -2*b + 0*b + 3*y = 7, -1 = 5*b - 2*y. Determine w(b).
-1
Let k(n) be the first derivative of 4*n**2 - 2 + 1/6*n**3 + 3*n. Let z(d) be the first derivative of k(d). Determine z(0).
8
Let w be 10/(-4)*(-12)/10. Let t(k) = w + k**3 - 5*k**3 + k + 5*k**3 - 5*k. Determine t(2).
3
Let b(t) = -4*t - 2*t**2 + t + 3 + 7*t. What is b(4)?
-13
Suppose -5*t - 2*b = -4*b - 14, t - 10 = 4*b. Let h(k) = 2*k - 4*k - 4*k**t - 2*k**2 - 1. Determine h(-1).
-5
Suppose 3*a - 3 - 6 = 0. Let f(d) = d**2 - 4. Give f(a).
5
Let f(h) = -4*h**3 + h. Let z(v) = v - 9. Let w be z(8). What is f(w)?
3
Let i(o) = o**3 - 3*o**2 - 5*o + 3. Let s = 1 + 1. Suppose s*r = 3*a - 2*r - 8, -r = -2*a + 7. What is i(a)?
-1
Suppose 4*r + 2 - 6 = 0. Let u(f) = 2*f + 3. Let a(o) = -3*o - 2. Let j(h) = 3*a(h) + 2*u(h). Calculate j(r).
-5
Let r = 97 + -101. Let y(q) = 2 + 4*q + 0 + 2. Determine y(r).
-12
Suppose 3*n = 6*n - 9. Let d(i) = -i + 4. Let g be d(n). Let f(o) be the third derivative of o**6/120 - o**4/12 + o**3/6 - 3*o**2. Calculate f(g).
0
Suppose s + 7 = 2*u, 13 + 21 = 3*s + 5*u. Let t(o) = -2*o - o**3 - 15*o**2 + 20*o**2 + 0*o**3. Calculate t(s).
12
Let f(h) = 21 - 4 - h + 2*h. What is f(0)?
17
Let n = 15 + -10. Let q(d) = d + 3 + n + 4 - 4. Let l(j) = j + 3. Let x be l(-3). Determine q(x).
8
Let y(g) = g**3 - g**2 - g + 1. Suppose -5*j - 5*b = 10, -4*j - 5*b = -0*j + 7. Let k = j + 4. Calculate y(k).
0
Let p(z) = -9*z - 1 + 4 - 6 + 3*z. Calculate p(-2).
9
Let c(f) = -2*f. Suppose 2*v - 4 = 6. Let z(b) be the third derivative of -b**4/24 + b**3 - b**2. Let k be z(v). Give c(k).
-2
Let r be -1*2 + 1 + 3/1. Let h(q) be the first derivative of -r - 2*q - 1/2*q**2. Determine h(-1).
-1
Let z(o) = -o + 6*o**3 - 9*o**3 + o**3. Determine z(1).
-3
Let y(b) be the second derivative of -4*b - 7/12*b**4 - 7/2*b**2 + 0 - 1/20*b**5 - 7/6*b**3. Give y(-6).
-1
Suppose 0*a + 4 = -a. Let f be (a - -4)*(-1)/2. Let h(k) be the first derivative of k**3/3 - 2*k - 1. What is h(f)?
-2
Let i(p) = 3 - 5*p**2 - 4 - p**2. What is i(1)?
-7
Let m(x) = -4*x - 5. Let d(v) = 7*v + 9. Let y(k) = 3*d(k) + 5*m(k). Let h be y(4). Let t = h - 1. Let s(n) = n**3 - 4*n**2 - 7*n + 6. Determine s(t).
-4
Let q(w) = -3*w**2 - 5*w + 3. Let b(n) = 16*n**2 + 25*n - 16. Let k(u) = -2*b(u) - 11*q(u). What is k(-4)?
-5
Let p(q) = 4 + 7 + q - 12. What is p(-5)?
-6
Let k(b) be the second derivative of b**3/6 - 5*b**2 - 21*b. Determine k(0).
-10
Let n(x) be the first derivative of x**7/840 + x**6/120 + x**5/60 + x**3 + 3. Let s(j) be the third derivative of n(j). Calculate s(-3).
-6
Let t(f) = -39*f**3 + 9*f**2 - 13*f + 9. Let y(h) = 10*h**3 - 2*h**2 + 3*h - 2. Let d(m) = 2*t(m) + 9*y(m). Give d(-1).
-13
Let z(l) = -1 + l + 7 + 1. Let y be 4/1 + -15 + 6. Determine z(y).
2
Let a(n) = -n**3 + 2*n**2 + n - 1. Suppose 5*k + j = 0, -3*k - j = 2*j + 12. Give a(k).
1
Let m(v) = -4*v + 6. Let q = -8 + 12. Determine m(q).
-10
Let a(b) = -8 + 3*b**2 + b**3 - 3*b + 10 - 5. Determine a(-3).
6
Let g(t) = t**2 - 1. Let n(o) = o**2 - 3*o - 3. Let q(b) = -2*g(b) + n(b). Calculate q(-4).
-5
Let b(f) = -2*f - 2. Let a(z) = z. Let p(n) = -3*a(n) - b(n). What is p(-2)?
4
Let r(q) = -17*q**3 - q**2 + q. Suppose 2 + 6 = 8*b. Give r(b).
-17
Let s(h) be the third derivative of 1/3*h**3 - 1/60*h**5 + 2*h**2 + 0*h + 1/24*h**4 + 0. Determine s(3).
-4
Let x(s) be the second derivative of 0 + 7/6*s**3 + 4*s + 1/2*s**2 + 1/12*s**4. What is x(-7)?
1
Let x(w) = -w**2 - 6*w - 2. Let k(s) = -s**2 + s + 3. Let u be k(3). Let l = u - 0. Give x(l).
7
Let g be -7 - (-2 + (0 - 0)). Suppose 0 = -0*o - 3*o - 3. Let n(z) = z**3 + z**2 - 4*z + 5. Let f(d) = d - 1. Let i(h) = g*f(h) + o*n(h). Give i(-2).
6
Suppose 0*z = z. Let w = z - -3. Suppose s = w*s - 10. Let u(v) = -v**2 + 7*v - 2. Give u(s).
8
Let i(l) = l + 1. Let t(z) = -6*z**2 - z**3 - z**3 - 3 + 3*z**3. Let c be t(6). Calculate i(c).
-2
Let y(i) = -3*i - 2. Let u be (-1)/(-3 - -5)*4. Let m be y(u). Let k(g) = -g**3 + 4*g**2 + 3*g - 2. Calculate k(m).
10
Suppose 1 = 4*m + 9, 5*q - 21 = 3*m. Let c(f) = -4 + 1 + f + q + 3. What is c(-3)?
0
Let m(s) be the second derivative of -s**5/20 + s**4/3 - s**3/3 + s**2 - 5*s. Calculate m(4).
-6
Let a(l) be the second derivative of -2*l**3/3 - l + 6. Determine a(-5).
20
Suppose -2*y = y + 3. Let z(i) be the third derivative of 0*i + 8*i**2 + 0 - 1/6*i**3 + 1/20*i**5 - 1/24*i**4. Determine z(y).
3
Let w = -39 + 51. Let d(c) = c - 8. What is d(w)?
4
Suppose 2*y - 16 = 4*g - 2*y, y = -g + 4. Suppose -9 = -g*d + 3*d. Let a(l) be the third derivative of l**5/60 + 5*l**4/24 + l**3/2 + 32*l**2. Calculate a(d).
-3
Let l(j) = -j + 1. Suppose 2*r = 3*t, 3*r - 3*t + 2 + 1 = 0. What is l(r)?
4
Let w be 14/10 + (-18)/(-30). Suppose -2*t + t - 11 = -4*y, -2*y - 2*t + 18 = 0. Let k(u) = u - 3 + y + u. What is k(w)?
5
Let r = -15 - -11. Let s(k) = 9*k**2 + k**2 + 5*k + 3 + 2 - 9*k**2. What is s(r)?
1
Let o(t) = 4*t - 2. Let b be (1/2)/(1/(-4)). Let z be 2*4/(-1 + 3). Let q = z + b. Give o(q).
6
Suppose j - 4*n - 6 = 0, 4*j + 7*n = 2*n + 45. Let l(t) = -t - j + 10. Calculate l(2).
-2
Let z(u) = u**2 + 3*u - 3. Suppose -m - 9 = 2*j, 2*m + 23 = -5*j - m. What is z(j)?
1
Let k(z) = 7*z**2 - 2*z - 1. Let m = 7 - 8. Determine k(m).
8
Suppose 4 + 8 = 3*t. Suppose 5*a - m + 0*m - 7 = 0, -4*m = -12. Let o(w) = -3 - t*w - 3*w + a. Determine o(-1).
6
Let u(z) = 5*z + 5. Let i(l) = 7*l + 8. Let k(y) = 5*i(y) - 8*u(y). Let m(b) = 21*b - 1. Let a(j) = -9*k(j) - 2*m(j). Determine a(-2).
-4
Let u(i) = -5*i**2 + 3*i - 1. Let g be -3 + (-42)/(-8) + 2/(-8). What is u(g)?
-15
Let r(p) be the third derivative of -p**5/60 - p**3 - 3*p**2. Suppose -4*v = o - 0*o - 20, -4*v = -20. Calculate r(o).
-6
Let r(o) = o**2 + 9*o - 2. Let j be r(-9). Let w be (-8)/(-2) + (-1 - j). Let h = 4 - w. Let a(g) = -4*g**2 - g - 1. What is a(h)?
-4
Let j(x) = -11*x - 6. Let c(m) = 100*m + 55. Let b(a) = 6*c(a) + 55*j(a). Calculate b(-1).
5
Let b(g) = -2*g - 3. Let m be b(-7). Suppose -4*t + m = 3. Let d(o) = o**2 + 3*o**2 - o**3 - 2*o**t - 3*o. What is d(2)?
-6
Let v(h) = h**2 + 5*h + 6. Suppose -4*r + 35 = 3*d, -3 = -2*d + 7. Suppose 0 = -3*b - 2*w + 7*w - 5, r*b - 5*w = -15. Determine v(b).
6
Suppose -4*k + 8 = -8. Let n(v) = 2*v**2 - 3*v - 5. What is n(k)?
15
Let c be 2/(-8) - (-2)/8. Suppose -2*h + 11 = -c*m + m, -5*m - 5*h = -35. Let z(g) be the second derivative of -g**4/12 + g**3/3 - 3*g**2/2 + g. Determine z(m).
-6
Let d(t) be the first derivative of -4*t + 5 + 1/2*t**2. What is d(4)?
0
Let a(s) = -s + 1. Suppose -k = 4*r + r + 5, 20 = 4*r - 4*k. Let f = 3 + r. Determine a(f).
-2
Let h(p) = 3*p - 6. Let c be (-1111)/99 + 4/18. Let y(x) = -6*x + 12. Let i(k) = c*h(k) - 6*y(k). Give i(4).
6
Let s(k) = 5 + 2 - k**2 - 2*k**2 - k**3 - 5